{"id":49,"date":"2008-11-12T10:24:19","date_gmt":"2008-11-12T08:24:19","guid":{"rendered":"http:\/\/de.blog.bettr.info\/?page_id=49"},"modified":"2024-08-21T08:43:19","modified_gmt":"2024-08-21T07:43:19","slug":"impressum","status":"publish","type":"page","link":"http:\/\/de.blog.bettr.info\/index.php\/impressum\/","title":{"rendered":"Impressum"},"content":{"rendered":"<table border=\"0\" width=\"100%\" cellspacing=\"0\" cellpadding=\"0\">\n<tbody>\n<tr>\n<td colspan=\"2\" valign=\"top\" height=\"10\"><\/td>\n<\/tr>\n<tr>\n<td colspan=\"2\" valign=\"top\" height=\"20\">\n<h3>Inhaltlich Verantwortlicher<\/h3>\n<\/td>\n<\/tr>\n<tr>\n<td colspan=\"2\" valign=\"top\" height=\"10\"><\/td>\n<\/tr>\n<tr>\n<td valign=\"top\" width=\"200\"><img loading=\"lazy\" decoding=\"async\" class=\"nofloat noborder\" title=\"Safog.com\" src=\"http:\/\/de.blog.bettr.info\/wp-content\/uploads\/safog_logo_imp.gif\" alt=\"Safog.com\" width=\"120\" height=\"52\" \/><\/td>\n<td valign=\"top\"><strong>Safog.com<\/strong><br \/>\nAlbuingasse 7<br \/>\nI-39042 Brixen (BZ)<br \/>\nItalien<strong>Tel.:<\/strong> +39 0472 518542<\/p>\n<table border=\"0\" width=\"100%\" cellspacing=\"0\" cellpadding=\"0\">\n<tbody>\n<tr>\n<td colspan=\"2\" valign=\"top\"><a href=\"https:\/\/www.safog.com\">www.safog.com<\/a><\/td>\n<\/tr>\n<tr>\n<td colspan=\"2\" valign=\"top\"><script type=\"text\/javascript\" language=\"JavaScript\">\/\/ <![CDATA[\nHideEA( \"info\", \"\", \"\" );\n\/\/ ]]><\/script><\/td>\n<\/tr>\n<\/tbody>\n<\/table>\n<\/td>\n<\/tr>\n<tr>\n<td colspan=\"2\" valign=\"top\">\n<h3>Konzept, Web-Design, Programmierung und Hosting<\/h3>\n<\/td>\n<\/tr>\n<tr>\n<td colspan=\"2\" valign=\"top\" height=\"10\"><\/td>\n<\/tr>\n<tr>\n<td valign=\"top\"><img loading=\"lazy\" decoding=\"async\" class=\"nofloat noborder\" title=\"Safog.com\" src=\"http:\/\/de.blog.bettr.info\/wp-content\/uploads\/safog_logo_imp.gif\" alt=\"Safog.com\" width=\"120\" height=\"52\" \/><\/td>\n<td valign=\"top\"><strong>Safog.com<\/strong>Albuingasse 7<br \/>\nI-39042 Brixen (BZ)<br \/>\nItalien<\/p>\n<p><strong>Tel.:<\/strong> +39 0472 518542<\/p>\n<table border=\"0\" width=\"100%\" cellspacing=\"0\" cellpadding=\"0\">\n<tbody>\n<tr>\n<td colspan=\"2\" valign=\"top\"><a href=\"https:\/\/www.safog.com\">www.safog.com<\/a><\/td>\n<\/tr>\n<tr>\n<td colspan=\"2\" valign=\"top\"><script type=\"text\/javascript\" language=\"JavaScript\">\/\/ <![CDATA[\nHideEA( \"info\", \"\", \"\" );\n\/\/ ]]><\/script><\/td>\n<\/tr>\n<\/tbody>\n<\/table>\n<p><strong>Bilder:<\/strong><\/p>\n<table border=\"0\" width=\"100%\" cellspacing=\"0\" cellpadding=\"0\">\n<tbody>\n<tr>\n<td colspan=\"2\" valign=\"top\"><a href=\"https:\/\/bettr.info\">Bettr.info<\/a><\/td>\n<\/tr>\n<tr>\n<td colspan=\"2\" valign=\"top\"><a href=\"https:\/\/www.safog.com\" target=\"_blank\" rel=\"noopener\">Safog.com<\/a><\/td>\n<\/tr>\n<\/tbody>\n<\/table>\n<\/td>\n<\/tr>\n<tr>\n<td style=\"padding-top: 10px;\" colspan=\"2\" valign=\"top\"><\/td>\n<\/tr>\n<tr>\n<td valign=\"top\" width=\"200\"><img loading=\"lazy\" decoding=\"async\" class=\"nofloat noborder\" title=\"WordPress\" src=\"http:\/\/de.blog.bettr.info\/wp-content\/uploads\/wp_logo_imp.gif\" alt=\"WordPress\" width=\"120\" height=\"27\" \/><\/td>\n<td valign=\"top\"><strong>Powered by WordPress<\/strong><\/p>\n<table border=\"0\" width=\"100%\" cellspacing=\"0\" cellpadding=\"0\">\n<tbody>\n<tr>\n<td colspan=\"2\" valign=\"top\"><a href=\"http:\/\/www.wordpress.org\">www.wordpress.org<\/a><\/td>\n<\/tr>\n<\/tbody>\n<\/table>\n<\/td>\n<\/tr>\n<tr>\n<td colspan=\"2\" valign=\"top\">\n<div>\n<h3>Haftungshinweis<\/h3>\n<\/div>\n<p>Trotz sorgf\u00e4ltiger inhaltlicher Kontrolle \u00fcbernehmen wir keine Haftung f\u00fcr die Inhalte externer Links. F\u00fcr den Inhalt der verlinkten Seiten sind ausschlie\u00dflich deren Betreiber verantwortlich.<\/p>\n<p>Die Inhalte dieses Webprojektes wurden sorgf\u00e4ltig gepr\u00fcft und nach bestem Wissen erstellt. Aber f\u00fcr die hier dargebotenen Informationen wird kein Anspruch auf Vollst\u00e4ndigkeit, Aktualit\u00e4t, Qualit\u00e4t und Richtigkeit erhoben. Es kann keine Verantwortung f\u00fcr Sch\u00e4den \u00fcbernommen werden, die durch das Vertrauen auf die Inhalte dieser Website oder deren Gebrauch entstehen.<\/p>\n<div>\n<h3>Datenschutz\/Privacy<\/h3>\n<\/div>\n<p>Ihre Daten werden im Sinne des Artikels 13 des gesetzesvertretenden Dekretes vom 30.06.2003 Nr. 196 (Datenschutz-Kodex) verarbeitet.<\/p>\n<p>Wir informieren Sie dar\u00fcber, dass die auf elektronischen Wege erhobenen Daten ausschlie?lich zur Verarbeitung der Kundenanfrage und der Vermittlung eines Informationsdienstes dienen, der kommerzielle Angebote, allgemeine Informationen und Neuigkeiten zum Inhalt hat.<\/p>\n<p>Laut Artikel 7 des genannten Dekretes erhalten Sie jederzeit unentgeltlich Auskunft zu den \u00fcber Sie gespeicherten personenbezogenen Daten und k\u00f6nnen ggf. deren Berichtigung, Erg\u00e4nzung oder L\u00f6schung beantragen. Wenden Sie sich dazu bitte an den Rechtsinhaber der gesammelten Daten, der \u00fcber die eMail-Adresse <script type=\"text\/javascript\" language=\"JavaScript\">\/\/ <![CDATA[\nHideEA( \"info\", \"\", \"\" );\n\/\/ ]]><\/script> oder unter folgender postalischer Adresse erreichbar ist:<\/p>\n<p>Dr. Klaus Delueg<br \/>\nAlbuingasse 7<br \/>\nI-39042 Brixen (BZ)<br \/>\nItalien<\/p>\n<div>\n<h3>Google Analytics<\/h3>\n<\/div>\n<p>Diese Website benutzt Google Analytics, einen Webanalysedienst der Google Inc. (\u201eGoogle\u201c) Google Analytics verwendet sog. \u201eCookies\u201c, Textdateien, die auf Ihrem Computer gespeichert werden und die eine Analyse der Benutzung der Website durch Sie ermoglicht. Die durch den Cookie erzeugten Informationen uber Ihre Benutzung diese Website (einschlie\u00dflich Ihrer IP-Adresse) wird an einen Server von Google in den USA \u00fcbertragen und dort gespeichert. Google wird diese Informationen benutzen, um Ihre Nutzung der Website auszuwerten, um Reports uber die Websiteaktivitaten fur die Websitebetreiber zusammenzustellen und um weitere mit der Websitenutzung und der Internetnutzung verbundene Dienstleistungen zu erbringen. Auch wird Google diese Informationen gegebenenfalls an Dritte \u00fcbertragen, sofern dies gesetzlich vorgeschrieben oder soweit Dritte diese Daten im Auftrag von Google verarbeiten. Google wird in keinem Fall Ihre IP-Adresse mit anderen Daten der Google in Verbindung bringen. Sie konnen die Installation der Cookies durch eine entsprechende Einstellung Ihrer Browser Software verhindern; wir weisen Sie jedoch darauf hin, dass Sie in diesem Fall gegebenenfalls nicht samtliche Funktionen dieser Website voll umfanglich nutzen konnen. Durch die Nutzung dieser Website erkl\u00e4ren Sie sich mit der Bearbeitung der \u00fcber Sie erhobenen Daten durch Google in der zuvor beschriebenen Art und Weise und zu dem zuvor benannten Zweck einverstanden.<\/p>\n<div>\n<h3>Copyright<\/h3>\n<\/div>\n<p>Die auf dieser Website enthaltenen Texte, Bilder, Scripts und anderen Inhalte sind urheberrechtlich gesch\u00fctzt und d\u00fcrfen ohne vorherige Zustimmung durch Safog.com weder ganz noch teilweise vervielf\u00e4ltigt, weitergegeben, verbreitet oder gespeichert werden.<\/p>\n<p>Die Inhalte der Webseite werden von Safog.com ohne jegliche rechtliche Verpflichtungen zur Aufrechterhaltung des Betriebs angeboten. Safog.com ist dazu berechtigt, alle Inhalte der Webseite ohne Vorank\u00fcndigung zu ver\u00e4ndern oder zu l\u00f6schen.<\/p>\n<p>Alle benutzten Warenzeichen und Firmenbezeichnungen unterliegen dem Copyright der jeweiligen Inhaber bzw. dem warenzeichen-, marken- und patentrechtlichen Schutz.<\/p>\n<p>\u00a9 Safog.com 2007-2008. Alle Rechte vorbehalten.<\/td>\n<\/tr>\n<\/tbody>\n<\/table>\n","protected":false},"excerpt":{"rendered":"<p>Inhaltlich Verantwortlicher Safog.com Albuingasse 7 I-39042 Brixen (BZ) ItalienTel.: +39 0472 518542 www.safog.com Konzept, Web-Design, Programmierung und Hosting Safog.comAlbuingasse 7 I-39042 Brixen (BZ) Italien Tel.: +39 0472 518542 www.safog.com Bilder: Bettr.info Safog.com Powered by WordPress www.wordpress.org Haftungshinweis Trotz sorgf\u00e4ltiger inhaltlicher Kontrolle \u00fcbernehmen wir keine Haftung f\u00fcr die Inhalte externer Links. F\u00fcr den Inhalt der verlinkten [&hellip;]<\/p>\n","protected":false},"author":1,"featured_media":0,"parent":0,"menu_order":0,"comment_status":"closed","ping_status":"open","template":"","meta":{"footnotes":""},"class_list":["post-49","page","type-page","status-publish","hentry"],"_links":{"self":[{"href":"http:\/\/de.blog.bettr.info\/index.php\/wp-json\/wp\/v2\/pages\/49","targetHints":{"allow":["GET"]}}],"collection":[{"href":"http:\/\/de.blog.bettr.info\/index.php\/wp-json\/wp\/v2\/pages"}],"about":[{"href":"http:\/\/de.blog.bettr.info\/index.php\/wp-json\/wp\/v2\/types\/page"}],"author":[{"embeddable":true,"href":"http:\/\/de.blog.bettr.info\/index.php\/wp-json\/wp\/v2\/users\/1"}],"replies":[{"embeddable":true,"href":"http:\/\/de.blog.bettr.info\/index.php\/wp-json\/wp\/v2\/comments?post=49"}],"version-history":[{"count":30,"href":"http:\/\/de.blog.bettr.info\/index.php\/wp-json\/wp\/v2\/pages\/49\/revisions"}],"predecessor-version":[{"id":1469,"href":"http:\/\/de.blog.bettr.info\/index.php\/wp-json\/wp\/v2\/pages\/49\/revisions\/1469"}],"wp:attachment":[{"href":"http:\/\/de.blog.bettr.info\/index.php\/wp-json\/wp\/v2\/media?parent=49"}],"curies":[{"name":"wp","href":"https:\/\/api.w.org\/{rel}","templated":true}]}}